100 divide 3590?
False
Is 178 a factor of 7503?
False
Is 1825 a multiple of 25?
True
Is 8 a factor of 70?
False
Is 52 even?
True
Is 4 a factor of 6272?
True
Is 27282 a multiple of 3?
True
Does 50 divide 9666?
False
Is 4114 a multiple of 20?
False
Is 4663 a multiple of 3?
False
Is 8 a factor of 4211?
False
Does 22 divide 14784?
True
Is 75 a factor of 2325?
True
Is 19 a factor of 744?
False
Is 148 a factor of 4144?
True
Is 1887 a multiple of 22?
False
Is 16 a factor of 5100?
False
Does 13 divide 341?
False
Is 46 a factor of 1707?
False
Is 40 a factor of 14360?
True
Is 5522 a multiple of 71?
False
Is 382 a multiple of 18?
False
Does 57 divide 4675?
False
Is 2155 a multiple of 15?
False
Is 723 a multiple of 8?
False
Is 27 a factor of 54?
True
Is 1520 a multiple of 19?
True
Is 15 a factor of 345?
True
Does 4 divide 24717?
False
Does 14 divide 2646?
True
Is 18860 a multiple of 205?
True
Does 31 divide 19933?
True
Does 43 divide 426?
False
Does 17 divide 5715?
False
Is 125 a factor of 3484?
False
Is 562 a multiple of 25?
False
Is 6 a factor of 342?
True
Is 14 a factor of 1652?
True
Is 1243 a multiple of 113?
True
Does 3 divide 639?
True
Is 25 a factor of 5574?
False
Is 11189 a multiple of 73?
False
Is 26 a factor of 9547?
False
Is 841 a multiple of 29?
True
Does 18 divide 450?
True
Is 74 a factor of 8436?
True
Is 3500 a multiple of 14?
True
Does 330 divide 13860?
True
Is 22880 a multiple of 11?
True
Is 181 a multiple of 47?
False
Is 1890 a multiple of 42?
True
Does 16 divide 1947?
False
Is 4 a factor of 138?
False
Is 198 a multiple of 99?
True
Is 13 a factor of 35503?
True
Is 42408 a multiple of 18?
True
Does 5 divide 3830?
True
Is 27 a factor of 15903?
True
Is 12582 a multiple of 33?
False
Is 81 a factor of 1539?
True
Is 300 a multiple of 5?
True
Does 170 divide 9755?
False
Does 94 divide 658?
True
Does 18 divide 9468?
True
Is 48 a factor of 5678?
False
Does 17 divide 289?
True
Is 12 a factor of 34465?
False
Does 12 divide 45623?
False
Is 7 a factor of 287?
True
Is 9 a factor of 27515?
False
Is 8160 a multiple of 34?
True
Is 21579 a multiple of 46?
False
Does 27 divide 905?
False
Is 22 a factor of 198?
True
Is 17 a factor of 1005?
False
Is 78 a factor of 624?
True
Is 14 a factor of 25536?
True
Is 7774 a multiple of 13?
True
Does 23 divide 1429?
False
Does 17 divide 2108?
True
Is 56784 a multiple of 338?
True
Does 30 divide 750?
True
Does 3 divide 67?
False
Is 5117 a multiple of 17?
True
Is 5 a factor of 50?
True
Is 105450 a multiple of 142?
False
Does 32 divide 9792?
True
Is 419 a multiple of 28?
False
Is 29304 a multiple of 72?
True
Does 13 divide 3445?
True
Is 43 a factor of 151446?
True
Is 27 a factor of 3176?
False
Is 59 a factor of 18349?
True
Is 221 a multiple of 17?
True
Does 197 divide 5910?
True
Does 259 divide 21238?
True
Is 35 a factor of 1190?
True
Is 17 a factor of 5406?
True
Is 7876 a multiple of 190?
False
Is 22 a factor of 12826?
True
Is 291 a multiple of 5?
False
Is 6287 a multiple of 12?
False
Does 126 divide 29363?
False
Does 9 divide 26577?
True
Is 936 a multiple of 52?
True
Is 128 a multiple of 16?
True
Is 9790 a multiple of 110?
True
Is 1380 a multiple of 15?
True
Does 17 divide 37254?
False
Is 13312 a multiple of 16?
True
Does 32 divide 940?
False
Is 53 a factor of 3180?
True
Is 9 a factor of 12906?
True
Does 3 divide 527?
False
Is 7729 a multiple of 59?
True
Is 106 a factor of 4509?
False
Does 210 divide 64821?
False
Is 5 a factor of 39?
False
Is 4 a factor of 1383?
False
Is 26 a factor of 1890?
False
Is 3 a factor of 1131?
True
Does 10 divide 291?
False
Is 13980 a multiple of 60?
True
Does 36 divide 129?
False
Does 54 divide 378?
True
Does 4 divide 360?
True
Is 19 a factor of 24795?
True
Does 34 divide 2346?
True
Does 41 divide 1638?
False
Is 23494 a multiple of 115?
False
Is 20 a factor of 10660?
True
Is 691 a multiple of 12?
False
Is 10 a factor of 8710?
True
Does 25 divide 4375?
True
Is 3400 a multiple of 100?
True
Is 235 a multiple of 5?
True
Is 20 a factor of 60?
True
Does 11 divide 990?
True
Does 32 divide 1216?
True
Does 103 divide 492?
False
Does 26 divide 1560?
True
Is 113 a multiple of 5?
False
Does 40 divide 840?
True
Is 51 a factor of 357?
True
Does 26 divide 1001?
False
Does 5 divide 570?
True
Is 1296 a multiple of 8?
True
Is 123 a factor of 632?
False
Is 2838 even?
True
Is 8 a factor of 6237?
False
Does 16 divide 1794?
False
Is 11 a factor of 165?
True
Is 10 a factor of 11880?
True
Is 84 a factor of 8781?
False
Is 430 a multiple of 10?
True
Is 1557 a multiple of 16?
False
Does 21 divide 408?
False
Does 9 divide 170?
False
Does 28 divide 3836?
True
Is 46 a factor of 82892?
True
Does 2 divide 50?
True
Is 64160 a multiple of 80?
True
Is 1006 a multiple of 7?
False
Is 70 a factor of 2264?
False
Does 30 divide 12600?
True
Is 11819 a multiple of 53?
True
Is 368 a multiple of 16?
True
Is 138761 a multiple of 406?
False
Is 791 a multiple of 94?
False
Is 666 a multiple of 20?
False
Does 20 divide 540?
True
Is 52 a factor of 83945?
False
Is 61 a factor of 9333?
True
Is 22346 a multiple of 82?
False
Is 360 a multiple of 15?
True
Is 3350 a multiple of 13?
False
Does 44 divide 82686?
False
Is 36816 a multiple of 6?
True
Is 32 even?
True
Is 8253 a multiple of 9?
True
Is 310 a multiple of 5?
True
Does 73 divide 7854?
False
Is 22 a factor of 672?
False
Does 13 divide 68155?
False
Is 17 a factor of 366?
False
Is 3971 a multiple of 11?
True
Is 1394 a multiple of 16?
False
Is 14 a factor of 1858?
False
Is 23 a factor of 134?
False
Is 150 even?
True
Is 10884 a multiple of 12?
True
Is 4356 a multiple of 125?
False
Is 1639 a multiple of 11?
True
Is 4832 a multiple of 4?
True
Does 3 divide 4250?
False
Does 11 divide 14058?
True
Does 126 divide 3276?
True
Is 293 a multiple of 10?
False
Is 18 a factor of 3378?
False
Is 748 a multiple of 70?
False
Is 33 a factor of 34713?
False
Is 90 a factor of 45090?
True
Is 7 a factor of 102?
False
Is 7777 a multiple of 3?
False
Is 904 a multiple of 38?
False
Does 30 divide 698?
False
Does 32 divide 5846?
False
Is 2754 a multiple of 127?
False
Is 195 a factor of 17745?
True
Is 20 a factor of 1164?
False
Does 5 divide 3130?
True
Does 17 divide 3383?
True
Is 7651 a multiple of 14?
False
Is 3698 a multiple of 43?
True
Is 52268 a multiple of 45?
False
Is 3567 a multiple of 43?
False
Does 16 divide 240?
True
Is 107 a factor of 428?
True
Is 2691 a multiple of 20?
False
Does 12 divide 238?
False
Is 11573 a multiple of 61?
False
Is 253 a multiple of 23?
True
Does 6 divide 335?
False
Does 21 divide 12390?
True
Does 8 divide 2421?
False
Does 53 divide 106?
True
Is 110 a factor of 1970?
False
Is 86 a factor of 1973?
False
Is 163 a factor of 69361?
False
Is 61 a factor of 14088?
False
Is 3368 a multiple of 2?
True
Is 1791 a multiple of 9?
True
Does 7 divide 1050?
True
Is 79 a factor of 3397?
True
Does 17 divide 128979?
True
Is 15 a factor of 13980?
True
Is 30 a factor of 4396?
False
Does 19 divide 19?
True
Is 62076 a multiple of 12?
True
Does 6 divide 720?
True
Is 11 a factor of 25?
False
Is 26 a factor of 1144?
True
Does 68 divide 11980?
False
Is 8 a factor of 33400?
True
Is 22225 a multiple of 161?
False
Does 3 divide 1056?
True
Is 57 a multiple of 9?
False
Does 19 divide 492?
False
Is 26 a factor of 8580?
True
Is 646 a multiple of 34?
True
Is 174 a factor of 62466?
True
Does 9 divide 351?
True
Is 2220 a multiple of 60?
True
Does 13 divide 2639?
True
Does 44 divide 12362?
False
Is 72 a multiple of 7?
False
Does 68 divide 31435?
False
Does 12 divide 2712?
True
Is 205 a multiple of 41?
True
Is 19 a factor of 6075?
False
Is 420 a multiple of 3?
True
Does 117 divide 42120?
True
Is 134398 a multiple of 22?
True
Is 8 a factor of 1177?
False
Does 16 divide 544?
True
Is 17 a factor of 510?
True
Is 2947 a multiple of 2?
False
Is 75 a factor of 35530?
False
Is 714 a multiple of 14?
True
Is 26919 a multiple of 59?
False
Is 78 a factor of 1720?
False
Does 5 divide 7380?
True
Is 14 a factor of 9822?
False
Is 13 a factor of 221?
True
Is 135 a factor of 39150?
True
Is 12 a factor of 72?
True
Does 219 divide 8946?
False
Does 143 divide 14586?
True
Is 27161 a multiple of 64?
False
Is 8577 a multiple of 36?
False
Is 7 a factor of 168?
True
Is 145 a multiple of 2?
False
Does 88 divide 780?
False
Is 5742 a multiple of 5?
Fal